t the prime factors of 301577.
301577
What are the prime factors of 13797031?
13797031
What are the prime factors of 1892022?
2, 3, 11, 109, 263
What are the prime factors of 170073?
3, 6299
List the prime factors of 3325505.
5, 79, 8419
List the prime factors of 1142242.
2, 19, 30059
List the prime factors of 2977856.
2, 7, 17, 23
List the prime factors of 139943.
139943
List the prime factors of 592826.
2, 13, 151
List the prime factors of 574916.
2, 143729
List the prime factors of 1337999.
13, 19, 5417
List the prime factors of 10603347.
3, 3534449
List the prime factors of 2392620.
2, 3, 5, 39877
What are the prime factors of 898795?
5, 19, 9461
List the prime factors of 17692764.
2, 3, 1474397
List the prime factors of 14325234.
2, 3, 7, 11, 101, 307
List the prime factors of 112207.
112207
List the prime factors of 4960592.
2, 7, 13, 3407
List the prime factors of 7121363.
67, 157, 677
List the prime factors of 32865053.
13, 31, 81551
List the prime factors of 24327204.
2, 3, 11, 17, 37, 293
What are the prime factors of 394755?
3, 5, 26317
What are the prime factors of 99402?
2, 3, 16567
What are the prime factors of 21754?
2, 73, 149
List the prime factors of 1264424.
2, 7, 67, 337
What are the prime factors of 1872817?
1872817
What are the prime factors of 2630524?
2, 13, 50587
List the prime factors of 61075.
5, 7, 349
List the prime factors of 110043.
3, 12227
What are the prime factors of 289859?
289859
What are the prime factors of 226634?
2, 47, 2411
List the prime factors of 1956452.
2, 489113
List the prime factors of 244529.
244529
What are the prime factors of 193857?
3, 19, 179
What are the prime factors of 6607770?
2, 3, 5, 13, 16943
What are the prime factors of 15654?
2, 3, 2609
What are the prime factors of 23889872?
2, 397, 3761
List the prime factors of 1192512.
2, 3, 6211
List the prime factors of 4891521.
3, 31, 149, 353
What are the prime factors of 24443?
24443
List the prime factors of 47242.
2, 13, 23, 79
List the prime factors of 4870230.
2, 3, 5, 67, 2423
List the prime factors of 32288666.
2, 89, 181397
List the prime factors of 2076253.
71, 29243
List the prime factors of 9542470.
2, 5, 7, 23, 5927
List the prime factors of 31550900.
2, 5, 53, 5953
List the prime factors of 3079022.
2, 1061, 1451
What are the prime factors of 51049?
71, 719
List the prime factors of 7043142.
2, 3, 43, 27299
List the prime factors of 5387151.
3, 7, 11, 23321
What are the prime factors of 244281?
3, 107, 761
List the prime factors of 158975.
5, 6359
List the prime factors of 321681.
3, 107227
List the prime factors of 567210.
2, 3, 5, 7, 37, 73
What are the prime factors of 8884638?
2, 3, 7, 107, 659
List the prime factors of 16188111.
3, 1798679
What are the prime factors of 8867069?
29, 305761
List the prime factors of 584634.
2, 3, 139, 701
List the prime factors of 7691006.
2, 113, 34031
What are the prime factors of 1651368?
2, 3, 83, 829
List the prime factors of 5730851.
7, 47, 17419
What are the prime factors of 5491426?
2, 241, 11393
List the prime factors of 7669348.
2, 1917337
List the prime factors of 1776532.
2, 83, 5351
List the prime factors of 9606550.
2, 5, 229, 839
What are the prime factors of 209287?
13, 17, 947
List the prime factors of 210795.
3, 5, 13, 23, 47
List the prime factors of 242544.
2, 3, 31, 163
What are the prime factors of 111952?
2, 6997
What are the prime factors of 13279326?
2, 3, 23, 41, 2347
What are the prime factors of 2908547?
17, 171091
List the prime factors of 9741604.
2, 19, 23, 5573
What are the prime factors of 2785956?
2, 3, 179, 1297
List the prime factors of 28878269.
7, 53, 77839
List the prime factors of 5417338.
2, 2708669
List the prime factors of 8228337.
3, 13, 47, 67
What are the prime factors of 4026302?
2, 7, 29, 47, 211
List the prime factors of 11626543.
11626543
List the prime factors of 143179.
67, 2137
List the prime factors of 1585802.
2, 59, 89, 151
List the prime factors of 14400744.
2, 3, 167, 3593
What are the prime factors of 675339?
3, 7, 32159
List the prime factors of 1765995.
3, 5, 7, 11, 139
List the prime factors of 3250075.
5, 130003
What are the prime factors of 2062971?
3, 47, 4877
List the prime factors of 1553593.
37, 199, 211
What are the prime factors of 6301706?
2, 281, 11213
What are the prime factors of 4429696?
2, 34607
List the prime factors of 63316.
2, 11, 1439
What are the prime factors of 2842093?
977, 2909
What are the prime factors of 24483912?
2, 3, 1020163
List the prime factors of 1643520.
2, 3, 5, 107
List the prime factors of 1507593.
3, 19, 26449
List the prime factors of 1089934.
2, 593, 919
List the prime factors of 2438235.
3, 5, 18061
What are the prime factors of 1583031?
3, 157, 3361
What are the prime factors of 102046?
2, 7, 37, 197
What are the prime factors of 148649?
23, 281
List the prime factors of 3508338.
2, 3, 584723
What are the prime factors of 945426?
2, 3, 157571
List the prime factors of 98628.
2, 3, 8219
What are the prime factors of 1248492?
2, 3, 7, 89, 167
List the prime factors of 4124.
2, 1031
What are the prime factors of 22011865?
5, 4402373
What are the prime factors of 210916?
2, 67, 787
What are the prime factors of 2809139?
1201, 2339
What are the prime factors of 980396?
2, 83, 2953
What are the prime factors of 76862?
2, 38431
What are the prime factors of 207382?
2, 7, 14813
List the prime factors of 10552001.
1409, 7489
List the prime factors of 259992.
2, 3, 23, 157
List the prime factors of 4866196.
2, 109, 11161
What are the prime factors of 1218769?
503, 2423
List the prime factors of 2348324.
2, 11, 19, 53
What are the prime factors of 249836?
2, 62459
What are the prime factors of 729674?
2, 11, 17, 1951
What are the prime factors of 2838190?
2, 5, 463, 613
What are the prime factors of 250860?
2, 3, 5, 37, 113
What are the prime factors of 438193?
7, 59, 1061
What are the prime factors of 254286?
2, 3, 17, 277
What are the prime factors of 224282?
2, 127, 883
What are the prime factors of 3507991?
31, 113161
List the prime factors of 15190491.
3, 97, 52201
What are the prime factors of 5507727?
3, 1835909
What are the prime factors of 83393?
89, 937
What are the prime factors of 1244510?
2, 5, 97, 1283
What are the prime factors of 745533?
3, 82837
What are the prime factors of 197524?
2, 19, 23, 113
What are the prime factors of 1948775?
5, 77951
List the prime factors of 314980.
2, 5, 15749
List the prime factors of 333089.
19, 47, 373
List the prime factors of 4490958.
2, 3, 17, 44029
What are the prime factors of 508059?
3, 31, 607
What are the prime factors of 5490477?
3, 203351
List the prime factors of 7227491.
67, 107873
List the prime factors of 455842.
2, 113, 2017
What are the prime factors of 131946?
2, 3, 21991
What are the prime factors of 586798?
2, 293399
List the prime factors of 58527.
3, 7, 929
What are the prime factors of 3160509?
3, 11, 95773
What are the prime factors of 61505?
5, 12301
List the prime factors of 4161176.
2, 61, 8527
List the prime factors of 5389195.
5, 7, 31, 4967
List the prime factors of 6438920.
2, 5, 17, 557
List the prime factors of 48267.
3, 31, 173
List the prime factors of 20495241.
3, 13, 58391
What are the prime factors of 14492048?
2, 89, 10177
List the prime factors of 753161.
753161
List the prime factors of 1505642.
2, 752821
List the prime factors of 3069840.
2, 3, 5, 12791
What are the prime factors of 1889362?
2, 41, 23041
What are the prime factors of 18805708?
2, 317, 14831
List the prime factors of 2399882.
2, 373, 3217
What are the prime factors of 4015561?
11, 223, 1637
List the prime factors of 365676.
2, 3, 31, 983
What are the prime factors of 495497?
53, 9349
List the prime factors of 420675.
3, 5, 71, 79
What are the prime factors of 4618673?
37, 43, 2903
What are the prime factors of 17498781?
3, 739, 877
What are the prime factors of 2292624?
2, 3, 29, 61
What are the prime factors of 9007559?
11, 23, 35603
List the prime factors of 2887841.
11, 17, 15443
What are the prime factors of 197055?
3, 5, 29, 151
What are the prime factors of 211668?
2, 3, 31, 569
List the prime factors of 23016871.
139, 165589
List the prime factors of 3037951.
7, 17, 521
What are the prime factors of 195050?
2, 5, 47, 83
List the 